/(-4). Suppose -z + 119 = u*b + 45, 0 = x*b - 5*z - 21. What are the prime factors of b?
23
Suppose -4*u - 3*y + 179 = 0, 4*y = 5*u + 3*y - 200. Let s = u + -7. List the prime factors of s.
2, 17
Suppose -2*n = -3*m - 97, 234 = 5*n - 0*m + m. Let f = 92 - n. List the prime factors of f.
3, 5
Suppose -n - c + 2805 = 0, -2*n + 216*c - 219*c = -5605. List the prime factors of n.
2, 5, 281
Let d(r) = r**3 + 7*r**2 + 14*r + 8. Let g be d(-15). What are the prime factors of g/(-169) + (-2)/(-13)?
2, 3
Let w be 4/(-10) - 85/(-25). List the prime factors of (w - (-182)/4)*2.
97
Let k(z) = -86*z - 83. What are the prime factors of k(-4)?
3, 29
List the prime factors of 2 - (3/18 + 15665/(-30)).
2, 131
Suppose -i + 1 = -73. Suppose -i - 75 = -5*x + f, 2*x - 56 = 4*f. List the prime factors of 695/x + (-1)/6.
23
Let w(p) = 2*p**2 + 27*p + 18. List the prime factors of w(-18).
2, 3, 5
Suppose 10*g = -173 - 2277. Let b = g - -356. List the prime factors of b.
3, 37
Suppose -4 = -2*i + 2*j, 2*i + 2*i + 3*j = 8. Suppose -4*q - 3*t = -4, -3*q - i*t + 0 + 4 = 0. List the prime factors of q.
2
Let u = 279 + -126. Let b = u + -70. What are the prime factors of b?
83
Suppose -27 - 7 = -s. Suppose 3*j = j + 3*t + 64, -3*j - 4*t + 113 = 0. Let u = s + j. What are the prime factors of u?
3, 23
Let t(z) = -z**2 + 22*z - 2. Let s(r) = r**2 - 4*r + 10. Let g be s(5). List the prime factors of t(g).
103
Let p(b) = b**2 + 3*b - 10. Let k be p(-5). Suppose 2*g - 28 + k = 0. List the prime factors of g.
2, 7
Let n be -1 + 1 - (6 - 8). Suppose 0 = n*z - 3*z + 54. What are the prime factors of z?
2, 3
Let u be ((-117)/27)/((-2)/(-6)). Let o(v) = v**3 + 14*v**2 + 9*v + 7. What are the prime factors of o(u)?
59
Let d be (-2)/(-4)*-3 + (-2968)/(-112). Suppose 0 = 3*p - 678 + 258. Suppose 2*z + p = 6*h - h, d = -5*z. List the prime factors of h.
2, 13
Let u(o) = 45*o**2 - 100*o + 4. List the prime factors of u(-6).
2, 139
Suppose -11 = -4*s + 21. Suppose s*x - 9*x = -17. Let f = -14 + x. List the prime factors of f.
3
Let t = -79 - -3. Let h = 154 + t. What are the prime factors of h?
2, 3, 13
Let n(t) = 6*t + 6. Let d be n(6). Suppose 4*k + 14 = a, -3*a + 0*k = 4*k - d. List the prime factors of a.
2, 7
Let h(d) = d**2 + 12*d - 12. Let t be h(-13). Let q(m) = 3*m**2 - 28*m**3 - 4*m**2 + t + m + 0*m**2. What are the prime factors of q(-1)?
3
Let y be (-2 - 25*1)*2/2. Let t = y - -134. What are the prime factors of t?
107
Suppose -3*b - 215 = -4*q + 5*q, -4*q + 364 = -5*b. Let u = b + 102. What are the prime factors of u?
2, 3, 5
Let h = 2 - -6. Suppose 4*k = -0 + h. Suppose -18 = -k*g - 6. List the prime factors of g.
2, 3
Let m = -40 + 41. What are the prime factors of (-3344)/(-64) + m/(-4)?
2, 13
Suppose -5*t = -w + 169, -4*t + 831 = 4*w + 107. What are the prime factors of w?
179
Let r = -9 + 17. Suppose 2 = y - r. Suppose 0 = y*k - 4*k - 288. List the prime factors of k.
2, 3
Let f = 73 - 28. Suppose 5*u + 4*i - f = 0, 0 = 4*u - 3*i - 16 - 20. What are the prime factors of u/(-12) - 45/(-12)?
3
Suppose 8*d = -4*w + 3*d + 8, 4*w + 2*d = -4. What are the prime factors of -2 - (w + 3) - -43?
41
Let l(z) = 11*z - 5. Let k(n) = -n**3 - 6*n**2 + 10*n + 3. Let p be k(-7). Let u be p/(-63) - 38/(-14). What are the prime factors of l(u)?
2, 7
Suppose -5*c + 2*c + 310 = 2*d, d = -c + 155. Let k = -98 + d. List the prime factors of k.
3, 19
Let w = 0 - -4. Suppose -5*x - w*x = -27. List the prime factors of x.
3
Suppose j = 2*j - 7. Let s = -9 + j. Let v(o) = o**3 + 4*o**2 + o + 1. What are the prime factors of v(s)?
7
Let g(q) = q**3 + 13*q**2 - 3*q + 6. What are the prime factors of g(-7)?
3, 107
Let f be 20/6*-3 - -3. Let n = f - -9. List the prime factors of n/(-7) - 205/(-7).
29
Let a = 4183 + -2820. What are the prime factors of a?
29, 47
Let t(i) = -i**3 - 7*i**2 - 3*i - 10. Let f be t(-5). Suppose -5*o = 25, 4*v - 6*v - 124 = -4*o. Let u = f - v. What are the prime factors of u?
3
Let w(z) = 31*z**2 + 22. What are the prime factors of w(4)?
2, 7, 37
Let z = -21 - -24. Let s(y) = 7*y**3 + 2*y - 7. What are the prime factors of s(z)?
2, 47
Suppose -97 = 3*u - 2*j, -4*u = u + 5*j + 170. Let g be (4/(-6))/(16/9360). List the prime factors of 6/33 + g/u.
2, 3
Let n(m) = 2*m**3 + 1. Let q = -7 + 6. Let c be n(q). List the prime factors of (-2*11)/(c + -1).
11
Let z be (-2)/(-3) - 154/(-21). Suppose -14 = 2*w - 4. Let b = w + z. List the prime factors of b.
3
Suppose -2*o + 0 = -4*h - 6, -4*o + 2*h = 0. Let z be 2 + -5 - 188/o. Suppose 0 = -4*n - 3*b - 0*b + z, -b = -4*n + 205. List the prime factors of n.
2, 5
Let l(c) = 4*c**2 + 131*c + 43. List the prime factors of l(-37).
2, 3, 7
Suppose 5*b - 7*b + 6004 = 4*s, -5*s - 10 = 0. What are the prime factors of b?
2, 3, 167
Let o = 151 - 85. Suppose -65*x + o*x = 155. List the prime factors of x.
5, 31
Let i(g) = g**3 - 6*g**2 + 2*g + 5. Let o be i(4). Let l = o - -77. What are the prime factors of l?
2, 29
Let d = -171 + 65. Let x = -69 - d. List the prime factors of x.
37
Suppose 11*x - 2552 = -0*x. List the prime factors of x.
2, 29
Suppose 2*l = -4*f - 2*l + 4, 0 = -2*f + 4*l + 14. Suppose -4*u + 128 + 63 = -w, -f*u = 3*w - 162. List the prime factors of u.
7
Suppose 0 = -2*u + 8 - 4. Let d(x) = 9*x**3 - 3*x**2 + 5*x. What are the prime factors of d(u)?
2, 5, 7
Let h(p) be the second derivative of -p**5/20 - 5*p**4/12 + 7*p**3/6 + p**2 - 3*p. Let u be h(-5). List the prime factors of 21/(-2)*22/u.
7
Suppose 0 = -3*n - 20 + 2. Let m(x) = x**3 + 7*x**2 + 5*x - 6. Let c be m(n). List the prime factors of (-1 - 1) + c + 26.
2, 3
Let j(n) = -n**3 + 23*n**2 + 24*n + 15. Let y be j(24). Let z(g) = 9*g + 1. What are the prime factors of z(y)?
2, 17
Suppose -10*t - 3*p = -8*t - 1484, 4*t + 5*p - 2966 = 0. List the prime factors of t.
739
List the prime factors of ((675/5)/3)/((-3)/(-190)).
2, 3, 5, 19
Suppose 0 = -5*b - 10 + 10. Suppose b = 2*m + 4*m - 360. List the prime factors of m.
2, 3, 5
Let t(a) = 33*a + 155. What are the prime factors of t(8)?
419
Let f = 1372 + -353. What are the prime factors of f?
1019
Suppose 5*z - 225 = -2*k, -3*z - 4*k + 17 = -118. Suppose 339 = 2*w - s, s - 378 = -2*w - z. What are the prime factors of w?
2, 3, 7
Suppose 2*t = -0*t - 14. Let p be (-2)/(-3) + t/(-3). Suppose 0 = -p*h + 7*h - 8. What are the prime factors of h?
2
Let m(l) = l**2 + 5*l + 9. Let b be m(-7). Let s = b - 18. Suppose s*w - 168 = 92. What are the prime factors of w?
2, 13
Suppose 3*o - 1437 = k, 9*k - 6*k = -4*o + 1903. List the prime factors of o.
2, 239
Let k(f) = 8*f - 23. Let u be k(12). Let r = 18 + u. List the prime factors of r.
7, 13
Suppose 2*v - 40*j = -37*j + 1283, 3*j = -3*v + 1932. What are the prime factors of v?
643
Let u = -1749 + 4715. List the prime factors of u.
2, 1483
Let g = 20 + -22. What are the prime factors of (2/g)/(9/(-459))?
3, 17
Let o be (-5)/(5/(-2)) - 17. What are the prime factors of 10/o + (-214)/(-6)?
5, 7
Let b be ((-743)/4*-4)/(-1). What are the prime factors of ((-2)/(-5) - 1) + b/(-5)?
2, 37
Suppose 0 = -5*b - 0*b + 15. Suppose -4*f - 5*n = -239, -f + 44 = b*n - 7*n. List the prime factors of f.
2, 7
Let s be -4 + 1 + 3 + -6. Let v be (0 - -1)*0/s. Suppose -9*c + 5*c + 252 = v. What are the prime factors of c?
3, 7
Suppose -5*f + 10393 = 3*u - 3470, u + 13879 = 5*f. List the prime factors of f.
3, 5, 37
Let c(y) = 14*y**3 + y**2 - y - 1. Let q be c(-1). Let h be q - -81 - 1*-2. What are the prime factors of 9/27*(-1 + h)?
23
Suppose 15*s = s + 7728. List the prime factors of s.
2, 3, 23
Let x(o) be the third derivative of -o**6/120 + 7*o**5/60 - o**4/4 - 2*o**3/3 + 9*o**2. Let m be x(6). What are the prime factors of 56 + m/((-4)/3)?
59
Let w(t) = t**3 + 6*t**2 + 7*t + 5. Suppose 5 = 5*s - 2*h, -3*h + 4 = 4*s - h. Let u(o) = -4*o. Let x be u(s). List the prime factors of w(x).
3
Let o be (-2)/(-3) - 1 - (-66)/9. Suppose 0 = -o*j + 163 - 9. List the prime factors of j.
2, 11
Let j(n) = n**2 - 6*n - 6. Let b be j(9). Let a = b + 0. List the prime factors of (6/(-2))/((-3)/a).
3, 7
Suppose 4*k = 168 - 20. Let g(s) = 3*s**2 + 2*s + 3. Let r be g(-5). Let o = r - k. What are the prime factors of o?
31
Let x(n) = 2*n**3 - 11*n**2 - 11*n + 10. Let d be x(7). Suppose -6*v = -d + 14. What are the p